4 divide 1143585823?
False
Is 374 a factor of 14847509?
False
Is 12 a factor of 14234544?
True
Is 420419728 a multiple of 10241?
False
Is 254781225 a multiple of 290?
False
Does 88 divide 86377088?
False
Does 62 divide 1030750?
True
Is 721 a factor of 539730506?
True
Does 208 divide 933279146?
False
Does 10 divide 52462023?
False
Is 8 a factor of 908893320?
True
Does 10 divide 20299470?
True
Is 391048854 a multiple of 346?
True
Does 210 divide 151535901?
False
Is 8286027 a multiple of 3?
True
Does 107 divide 222947853?
False
Is 118 a factor of 12818576?
True
Does 13 divide 6730204?
True
Does 6 divide 2175819?
False
Is 92 a factor of 97774196?
True
Does 91 divide 4176340441?
True
Does 3000 divide 1717464000?
True
Is 1445877926 a multiple of 343?
False
Is 3238 a factor of 337665116?
True
Is 1086 a factor of 5114605?
False
Does 548 divide 109560072?
False
Is 52 a factor of 108976504?
True
Is 515 a factor of 45299915?
True
Is 385 a factor of 5679905?
True
Is 3196 a factor of 220993544?
False
Is 1951 a factor of 105373794?
False
Does 426 divide 869443271?
False
Is 12548 a factor of 1144144501?
False
Does 963 divide 172868853?
False
Does 8 divide 811000520?
True
Is 6008220 a multiple of 3?
True
Is 222 a factor of 307761708?
True
Is 36 a factor of 24966656?
False
Does 8 divide 1736465?
False
Does 367 divide 513871922?
False
Is 73719642 a multiple of 3?
True
Does 184 divide 138584200?
True
Is 994946734 a multiple of 6?
False
Is 36355405 a multiple of 395?
True
Is 25731540 a multiple of 54?
True
Is 3766 a factor of 1697496865?
False
Is 6 a factor of 119758062?
True
Is 282 a factor of 1235685106?
False
Is 22077415 a multiple of 64?
False
Is 532 a factor of 497180068?
True
Is 447951663 a multiple of 2329?
False
Is 13 a factor of 9571804?
False
Is 5099 a factor of 1188410656?
False
Is 170 a factor of 342866540?
True
Does 1029 divide 28771790?
False
Is 75343047 a multiple of 121?
False
Is 12654852 a multiple of 2212?
True
Is 334979101 a multiple of 19?
True
Does 845 divide 31266690?
True
Does 80 divide 470011040?
True
Is 2387115198 a multiple of 823?
False
Is 11 a factor of 71219170?
True
Is 312 a factor of 32640504?
True
Is 747 a factor of 156796581?
False
Is 77 a factor of 49152026?
True
Does 960 divide 5298171?
False
Is 259 a factor of 252419069?
True
Is 217 a factor of 13989913?
False
Is 24 a factor of 367620136?
False
Is 249 a factor of 441021828?
True
Does 597 divide 116810811?
True
Is 17 a factor of 12498859?
True
Is 33958963 a multiple of 14?
False
Does 1872 divide 84387888?
True
Is 361 a factor of 14421526?
False
Does 19 divide 34073403?
True
Does 2117 divide 676430191?
True
Does 233 divide 417634598?
False
Does 212 divide 1256420968?
True
Is 9 a factor of 17156947?
False
Is 5914010664 a multiple of 19?
False
Is 33134530 a multiple of 935?
True
Is 3138866 a multiple of 3?
False
Is 75 a factor of 2392845375?
True
Is 34089222 a multiple of 2494?
False
Is 451290 a multiple of 98?
True
Is 19 a factor of 8659041?
True
Is 527 a factor of 49382284?
False
Is 103159656 a multiple of 401?
True
Is 14240520 a multiple of 360?
True
Is 786 a factor of 309496932?
True
Is 31253563 a multiple of 11?
True
Is 2615 a factor of 79778900?
False
Is 508 a factor of 303679860?
True
Is 403541720 a multiple of 5480?
True
Is 544864261 a multiple of 2040?
False
Is 56 a factor of 1100512?
True
Does 325 divide 33589400?
True
Is 3928 a factor of 2491459696?
True
Is 646 a factor of 659125552?
False
Is 20934515 a multiple of 4?
False
Is 11 a factor of 54309113?
False
Is 376563980 a multiple of 260?
True
Is 681195158 a multiple of 4166?
True
Is 904 a factor of 698317400?
True
Is 193 a factor of 443574409?
True
Is 369 a factor of 15298829?
False
Is 1519510816 a multiple of 4?
True
Is 551992002 a multiple of 978?
True
Is 16 a factor of 1737929?
False
Is 2314915 a multiple of 15?
False
Is 98 a factor of 35292894?
False
Does 11 divide 164521?
False
Is 338 a factor of 18484206?
True
Is 88 a factor of 744507446?
False
Does 15 divide 57724590?
True
Is 46 a factor of 72384128?
True
Is 212 a factor of 32418828?
True
Is 152238872 a multiple of 14?
False
Is 149 a factor of 1433380?
True
Is 25 a factor of 20622743?
False
Is 283155334 a multiple of 77?
True
Does 8 divide 36582705?
False
Does 47 divide 20917399?
False
Is 184478438 a multiple of 15?
False
Is 11787 a factor of 1338715225?
False
Is 23536772 a multiple of 476?
True
Is 6148 a factor of 3387250882?
False
Is 1538 a factor of 170482686?
True
Is 157381939 a multiple of 253?
True
Is 751109436 a multiple of 10?
False
Is 253 a factor of 6804975?
False
Is 209802211 a multiple of 50?
False
Does 850 divide 18372144?
False
Is 73208097 a multiple of 4?
False
Is 974 a factor of 8212567?
False
Does 2 divide 16278153?
False
Is 129 a factor of 519987906?
True
Does 27 divide 22630239?
True
Does 16 divide 66657165?
False
Is 101 a factor of 775505632?
False
Is 1136245027 a multiple of 67?
True
Is 34 a factor of 26141308?
True
Is 2943494 a multiple of 122?
True
Does 3 divide 2963265?
True
Is 10624 a factor of 155492864?
True
Is 157 a factor of 7752444763?
False
Does 268 divide 18657228?
False
Is 715 a factor of 326500629?
False
Does 2 divide 264335?
False
Does 147 divide 1555596406?
False
Is 616939722 a multiple of 601?
True
Does 16 divide 457205821?
False
Is 28518663 a multiple of 256?
False
Does 90 divide 1028353910?
False
Does 893 divide 115809154?
False
Is 35 a factor of 3127159190?
False
Is 350 a factor of 417653903?
False
Is 6 a factor of 1298236153?
False
Is 16 a factor of 2335330789?
False
Is 388203999 a multiple of 46?
False
Does 107 divide 280601073?
False
Is 289748565 a multiple of 62?
False
Does 2442 divide 748465674?
True
Does 150 divide 103541550?
True
Is 177068625 a multiple of 85?
False
Does 12 divide 31641227?
False
Does 6427 divide 21601147?
True
Is 242 a factor of 9170348?
True
Is 661914040 a multiple of 38?
False
Is 426708397 a multiple of 713?
True
Does 7 divide 627196857?
True
Does 1092 divide 1119375348?
True
Is 7335333 a multiple of 11?
False
Is 51262923 a multiple of 43?
True
Is 5460182978 a multiple of 431?
True
Is 440592646 a multiple of 46?
True
Is 743 a factor of 2848824110?
False
Is 417884506 a multiple of 13?
True
Is 75 a factor of 25323600?
True
Is 95 a factor of 5080366?
False
Does 46 divide 110653968?
False
Is 17609195 a multiple of 3791?
True
Is 47 a factor of 22542596?
False
Is 14 a factor of 842523122?
True
Does 368 divide 527810992?
True
Is 46405274 a multiple of 174?
False
Is 94893040 a multiple of 55?
True
Is 655972816 a multiple of 856?
False
Does 20 divide 130572660?
True
Does 26 divide 4914372060?
True
Does 2076 divide 181028213?
False
Is 11 a factor of 606500642?
True
Does 361 divide 60780487?
True
Is 35 a factor of 1025773175?
True
Is 1675 a factor of 64590100?
False
Is 355 a factor of 355291257?
False
Is 403 a factor of 874504761?
True
Is 643741078 a multiple of 27?
False
Is 461 a factor of 2156972900?
True
Does 653 divide 339426991?
False
Is 15 a factor of 420884850?
True
Does 240 divide 1088773440?
True
Does 2 divide 518415188?
True
Is 9 a factor of 51163267?
False
Is 1023 a factor of 1070959247?
False
Does 3 divide 3185550?
True
Does 35 divide 2773003065?
True
Is 86 a factor of 1003360796?
True
Is 21 a factor of 497919641?
False
Is 46226703 a multiple of 72?
False
Is 239569902 a multiple of 163?
True
Is 3736108479 a multiple of 51?
True
Is 35571602 a multiple of 3?
False
Is 2260217232 a multiple of 312?
True
Does 27 divide 588287637?
True
Does 77 divide 191980849?
False
Is 91 a factor of 136285224?
False
Is 32475597 a multiple of 805?
False
Is 20788292 a multiple of 92?
False
Does 314 divide 16158754?
True
Does 543 divide 24251094?
False
Is 88879744 a multiple of 64?
True
Does 258 divide 3565560?
True
Is 58128112 a multiple of 15?
False
Is 464364741 a multiple of 317?
True
Is 25 a factor of 705169516?
False
Is 21068034 a multiple of 51?
False
Does 11 divide 15493577?
True
Is 50 a factor of 49287576?
False
Does 494 divide 23439312?
True
Does 5 divide 52949460?
True
Does 19 divide 89852102?
True
Is 156 a factor of 145198092?
True
Does 762 divide 721573621?
False
Is 13543061 a multiple of 29?
False
Is 77308504 a multiple of 2678?
True
Does 30 divide 8751619?
False
Is 90818020 a multiple of 573?
False
Do